. Let m = u - -7. Let j(n) = n - 6. Calculate j(m).
-1
Let b(m) = 0 + m - 2 - 1 - 4. Give b(0).
-7
Let c(z) = -z**3 + 3*z**2 + 2*z - 8. Let b(n) = -5*n**3 + 13*n**2 + 9*n - 31. Let s(u) = 2*b(u) - 9*c(u). Calculate s(0).
10
Let p(w) be the second derivative of -w**5/20 - 5*w**4/12 - w**3/6 + 3*w**2 + 26*w. Give p(-5).
11
Let t = 1997/2382 - 2/397. Let d(a) be the third derivative of -2*a**2 - t*a**3 + 0*a - 1/60*a**5 + 0 + 1/24*a**4. Determine d(0).
-5
Let t(i) = 2*i**3 - 2*i**2 + 0*i**2 + 5*i**3 + 1. Let c be 1*(-18)/27*6/4. What is t(c)?
-8
Let t(l) = -2 + 4*l + l**3 + 3*l - 6*l. Let m(v) = v**3 + 6*v**2 + v + 7. Let d be m(-6). Suppose -z + 4 = -g, d + 3 = -2*g + z. Calculate t(g).
-2
Let q(w) = -2*w**3 + 4*w**2 - 2*w - 3. Let a(z) = -3*z**3 + 4*z**2 - 3*z - 4. Let l(g) = -3*a(g) + 4*q(g). What is l(-4)?
-4
Let h(u) be the first derivative of u**4/4 + 2*u**3 + u**2 + 8*u - 1. Give h(-6).
-4
Let p(a) be the first derivative of -3*a**2 + 1/3*a**3 + 3 + 6*a. Calculate p(4).
-2
Let l(t) = -t**3 + 3*t**2 - 2*t + 2. Let m be l(2). Let o(v) = 5 - 17*v + 16*v - m. Determine o(-4).
7
Let z(y) = -3*y**2 - y + 1. Let o(g) = -g**2 - g + 1. Let f(h) = 7*o(h) - 3*z(h). Let j be f(2). Let x(w) = -w**3 + 4*w**2 + 4*w - 5. What is x(j)?
11
Let c(h) = -h**2 + 3*h + 4. Let z = 15 - 22. Let q(s) = -2*s + 6. Let k be q(9). Let j = z - k. Calculate c(j).
-6
Let r(n) = -n**3 - 6*n**2 - 5*n + 7. Let f = -54 + 49. What is r(f)?
7
Let o(g) = 2*g**2 - 11*g - 8. Let p(k) = 3*k**2 - 16*k - 12. Let l(w) = 7*o(w) - 5*p(w). Determine l(5).
-6
Let d(b) = 6*b - 7*b**2 - 4*b + 3 + b + 2*b**2 + b**3. Let s(m) = m**3 - m**2 - m + 13. Let y be s(0). Let q = y - 9. Determine d(q).
-1
Let b be (-22)/(-5) - 9/(-15). Let o(p) = p**2 - 7*p + 5. Let q(z) = -z**2 + 7*z - 5. Let h(m) = 5*o(m) + 6*q(m). Determine h(b).
5
Let w(r) be the second derivative of -r**4/12 + 2*r**3/3 + r**2 + r. Let n be w(3). Let d(z) = z - 9. Determine d(n).
-4
Let p(f) = f**2 - 2*f - 1. Suppose -2*y = 0, r + y + 1 - 5 = 0. Let z be (-4)/6 - 102/(-18). Let i = r - z. Determine p(i).
2
Suppose 0 = 3*p + 8 + 4. Let r(c) = c**3 + 5*c**2 + 6*c + 4. Give r(p).
-4
Suppose -2*l - 4*z = -18, z + 0 = l + 6. Let g(m) = -8*m**2 - m. What is g(l)?
-7
Let k(q) = 5*q**3 + 5*q**2 + 5*q + 12. Let u(v) = -9*v**3 - 9*v**2 - 9*v - 24. Let d(l) = 11*k(l) + 6*u(l). What is d(0)?
-12
Let g be ((-2)/6)/(3/(-36)). Let f(l) = -3 - 4*l + 2*l + 4*l. Calculate f(g).
5
Let l(k) = 1 + 2*k - 3*k + 0*k. Give l(5).
-4
Let c(f) = -2*f**3 + 3*f**3 - f - f**2 + 1 - 2*f**2. Let a(u) = 3*u - 1. Let s be a(1). Suppose -s*k = -6*k + 8. What is c(k)?
-5
Let x(o) = -4 + 3*o - 1 + 2 - o. Give x(3).
3
Let f(z) = 6*z**2 + 6*z + 13. Let u(b) = -7*b**2 - 7*b - 13. Let d(q) = -6*f(q) - 5*u(q). What is d(0)?
-13
Let b(q) = q**3 + 7*q**2 - 7*q + 10. Let z be b(-8). Let a(v) be the second derivative of -1/3*v**3 + 0 - 2*v - 3/2*v**z. Determine a(-4).
5
Let r(c) be the first derivative of c**5/40 + 4*c**3/3 - 4. Let a(z) be the third derivative of r(z). What is a(2)?
6
Let u(s) = -6*s - 1. Let m(p) = -7*p - 2. Let o(i) = -5*m(i) + 6*u(i). What is o(3)?
1
Let n(p) = p - 5. Let g = 34 - 23. Calculate n(g).
6
Let j(l) = -5*l**3 - 12*l**2 + 12*l - 5. Let f(n) = -n**3 - n**2 + n - 1. Let w(x) = -6*f(x) + j(x). Calculate w(5).
6
Let b(z) = -5*z**2 + 9*z - 3. Let l(c) = 14*c**2 - 26*c + 9. Let n be ((-34)/(-4))/((-4)/8). Let w(q) = n*b(q) - 6*l(q). Give w(-3).
-3
Let r(q) be the second derivative of q**4/12 - 2*q**3/3 - 3*q**2/2 - 2*q + 1. What is r(6)?
9
Let x be 0/3*(0 - -1). Let o(h) = 6 + x*h - 3*h + 0*h. Give o(4).
-6
Let f(m) = -m**3 - 5*m**2 + 6*m + 9. Let g be -3 + 6*1/(-2). Give f(g).
9
Let l = 9 + -7. Let a(v) = 3*v + 4*v**l - 3*v**2 + v**2 - 2 + 1. Determine a(-3).
8
Let f(k) be the second derivative of k**3/6 - k**2/2 + 2*k. Let i(b) = 2*b + 2. Let u(a) = f(a) - i(a). Let h(n) = -n**2 + n - 3. Let y be h(2). Give u(y).
2
Suppose 3*y + 49 = 43. Let x(j) = j**3 + 2*j**2 + 2*j + 2. Calculate x(y).
-2
Suppose 3*l - 19 - 17 = 0. Suppose 6*i - 2*i = -l. Let p be (i/(-2))/((-3)/(-8)). Let k(d) = d**2 - 4*d - 3. Calculate k(p).
-3
Let z(t) be the first derivative of -2*t + 1/3*t**3 + 1 + 1/12*t**4 - 2*t**2. Let m(s) be the first derivative of z(s). Give m(-3).
-1
Let z be (-30)/(-12)*1*2. Suppose 7*f + 30 = 2*f + z*r, -5*r = 2*f + 12. Let s(n) = -n**2 - 6*n - 3. What is s(f)?
-3
Let u be 2/(-2)*(5 - -1). Let t(x) be the second derivative of -x**3/6 - 3*x**2/2 - 7*x - 3. Give t(u).
3
Let q(n) be the first derivative of -n**5/60 + n**4/3 - 3*n**3/2 + n**2 + 2. Let a(c) be the second derivative of q(c). Calculate a(6).
3
Let t(g) = 1 - 5*g**2 - 5*g + 7*g**2 - 3*g**2. Suppose 0*x + x = -6. What is t(x)?
-5
Let u(q) = -19*q**2 - 3 + 14*q + 2 - 16*q. Calculate u(-1).
-18
Let a(j) = 0*j - j - 3*j**2 - 8*j**2. Suppose 0 = -5*n - 5*b + b - 12, -4*b - 12 = 0. Suppose -2 = -n*o + 2*o. Give a(o).
-10
Let f(o) = -2*o**2 - 3*o + 5. Let b be -5 - -2 - -4 - 6. Calculate f(b).
-30
Let r(s) = s**3 + 8*s**2 + 8*s - 2. Let w be 3/(-9)*((-54)/(-3) + 3). Give r(w).
-9
Let d(u) = -u**2 - 3*u + 4. Suppose 4*v + 30 = -2*g, -5*g + g = -2*v + 10. Give d(v).
-6
Let l be 4/6 - (-24)/18. Let y(m) = 5 + 4 + 0*m + l*m - 5. Determine y(4).
12
Let m = 14 + -12. Let l(h) = -5 + 1 - 6*h - h**m + 2. Suppose 0*n - 8 = 2*n. What is l(n)?
6
Suppose 11 = 3*g - 7. Let z(f) be the second derivative of f**4/12 - f**3 + 2*f**2 + f. Calculate z(g).
4
Let x(t) = 1 + 3 - 5 + t - 2. Suppose 3 = a - 0*a. Suppose -2 = a*g - 4*g. Determine x(g).
-1
Suppose -25 = 5*q, -x = 2*x + q + 14. Let s(v) be the second derivative of -v**5/20 - v**4/3 - v**3/6 - 3*v**2/2 + v. Determine s(x).
-9
Let f(s) = s**3 - 2*s**2 - 2. Suppose n - 4*i - 6 = -0*n, 4*n - 4*i - 12 = 0. Let d = -2 - -2. Suppose d*h + 6 = n*h. What is f(h)?
7
Let n(w) be the first derivative of w**3/3 + 2*w**2 + 5*w + 1. What is n(-4)?
5
Let s = -145 + 136. Let l(v) = -v + 3. Determine l(s).
12
Let g(p) = -3 - p**2 + 5*p + 1 + 0*p. Suppose 3*l - 4 = 2*l. What is g(l)?
2
Let p = 29 + -46. Let w be ((-45)/18)/((-5)/24). Let m = p + w. Let n(z) = z**2 + 4*z + 4. Calculate n(m).
9
Let n(i) = -2*i**2 - 4*i - 2. Suppose -10 = d + 10. Let q be (6/4)/(10/d). Calculate n(q).
-8
Let n(y) = -y + 4. Let a be n(2). Let o(z) = 3*z**2 - z + 1. Determine o(a).
11
Let a(y) = -12*y**3 - 9*y**2 + 4*y + 2. Let h(x) = -6*x**3 - 5*x**2 + 2*x + 1. Let d(j) = 6*a(j) - 11*h(j). Give d(-1).
6
Let x(z) = z**2 + 7*z + 7. Let o be (12/24)/(1/(-14)). What is x(o)?
7
Let y(n) be the first derivative of -n**4/4 - 5*n**3/3 + 3*n**2/2 - 5*n + 7. Determine y(-6).
13
Let m(h) = -4*h**2 - 3*h - 8. Let p(j) = -5*j**2 - 3*j - 9. Let b(o) = 6*m(o) - 5*p(o). Calculate b(4).
1
Let z be -2 + 1 + 4 + 3. Suppose 4*q + 10 = z*q. Let h(a) be the first derivative of -a**4/4 + 5*a**3/3 - a**2 + 5*a - 1. Determine h(q).
-5
Let p be (1 - 2 - -1) + 1. Let n(c) = -1 - 2*c + 0*c - p. Let d = 10 - 13. What is n(d)?
4
Let j(z) be the first derivative of z**2 - 2*z - 1. Let a be 4/6*(-37 + -5). Let d be 8*(4 + a/8). Give j(d).
6
Suppose 0 = 3*p - 1 - 2. Suppose -5*x + 6*x = p. Let g(r) = -8*r**2. Let i(n) = 23*n**2. Let w(b) = -8*g(b) - 3*i(b). Give w(x).
-5
Let y(m) be the third derivative of -m**9/60480 + m**8/3360 - m**7/5040 + m**6/240 + m**5/30 - 2*m**2. Let z(d) be the third derivative of y(d). Calculate z(6).
-3
Let k(u) = u**2 - u - 1. Let t be 13/26*(-2 + 0). Let d(s) = -6*s**2 + 5*s + 8. Let h(y) = t*d(y) - 5*k(y). Let p = -1 - -4. Give h(p).
6
Let b be -3*((-5)/(-3) - 0). Let j be 2/(b/((-15)/(-6))). Let u(l) = -2*l**2 - l. Give u(j).
-1
Let o(f) = 5*f**3 + 5*f**2 - 7*f - 10. Let j(k) = -14*k**3 - 15*k**2 + 20*k + 29. Let s(d) = -6*j(d) - 17*o(d). Calculate s(3).
11
Suppose -5*b + 5*w = 15, -2*b = 2*b - 5*w + 9. Let j(t) be the first derivative of -t**4/4 - 7*t**3/3 - 5*t**2/2 - t - 2. Determine j(b).
-7
Let s(q) = q**2 - q - 6. Let u be s(4). Let j(y) = -y**3 + 5*y**2 + 7*y + 1. What is j(u)?
7
Suppose -2*l - 3 = -2*y - 1, 5*l - y - 11 = 0. Let t(r) = -l*r**2 + 0 + 2 - 3*r**2 + 7*r**2. Determine t(2).
6
Let y = -57 + 59. Let q(w) = 3*w - 2. Calculate q(y).
4
Let z(q) = -1 - 4 - 13*q - 11*q + 23*q. What is z(4)?
-9
Let c(r) be the first derivative of r**3/3 + 3*r**2 + 2*r - 7. Give c(-7).
9
Let p =